s divided by 3496.
3376
What is the remainder when 28814932 is divided by 158?
156
What is the remainder when 955352 is divided by 37?
12
What is the remainder when 218148497 is divided by 314335?
7
What is the remainder when 145450 is divided by 162?
136
Calculate the remainder when 1435044 is divided by 6239.
74
What is the remainder when 14024 is divided by 231?
164
What is the remainder when 47194370 is divided by 895?
125
Calculate the remainder when 69158 is divided by 187.
155
What is the remainder when 198168135 is divided by 24771015?
15
What is the remainder when 18796 is divided by 2281?
548
Calculate the remainder when 15249067 is divided by 148049.
20
What is the remainder when 685059 is divided by 342509?
41
What is the remainder when 674678355 is divided by 2794?
2793
What is the remainder when 255718 is divided by 666?
640
Calculate the remainder when 186488 is divided by 403.
302
Calculate the remainder when 5740509 is divided by 33570.
39
Calculate the remainder when 34688833 is divided by 2168052.
1
Calculate the remainder when 335053074 is divided by 25.
24
Calculate the remainder when 5336351 is divided by 30.
11
Calculate the remainder when 1093066 is divided by 364339.
49
Calculate the remainder when 2672408 is divided by 890749.
161
Calculate the remainder when 33497977 is divided by 8374467.
109
What is the remainder when 18670915 is divided by 722?
717
Calculate the remainder when 825434 is divided by 270.
44
Calculate the remainder when 95736216 is divided by 5038748.
4
What is the remainder when 597165 is divided by 597162?
3
Calculate the remainder when 60760 is divided by 30031.
698
Calculate the remainder when 47091846 is divided by 11.
10
What is the remainder when 35027 is divided by 3444?
587
What is the remainder when 13890 is divided by 1733?
26
What is the remainder when 27316665 is divided by 13?
12
What is the remainder when 2530490 is divided by 1265242?
6
What is the remainder when 6449075 is divided by 174299?
12
What is the remainder when 24013701 is divided by 37?
35
Calculate the remainder when 22221479 is divided by 258.
197
Calculate the remainder when 188757 is divided by 226.
47
What is the remainder when 9257447 is divided by 3085756?
179
What is the remainder when 62743 is divided by 20038?
2629
What is the remainder when 1623 is divided by 729?
165
Calculate the remainder when 1938826 is divided by 1378.
1358
Calculate the remainder when 577114 is divided by 27.
16
Calculate the remainder when 93353646 is divided by 5389.
5388
What is the remainder when 155863 is divided by 6491?
79
What is the remainder when 485940 is divided by 77?
70
Calculate the remainder when 479965 is divided by 157386.
7807
Calculate the remainder when 217999 is divided by 23831.
3520
What is the remainder when 28671681 is divided by 444?
381
Calculate the remainder when 125182348 is divided by 41727446.
10
Calculate the remainder when 7619746 is divided by 4841.
12
What is the remainder when 22440017 is divided by 872?
841
Calculate the remainder when 167610 is divided by 133.
30
What is the remainder when 38889 is divided by 38754?
135
What is the remainder when 149557 is divided by 1374?
1165
What is the remainder when 12360129 is divided by 561824?
1
Calculate the remainder when 48894 is divided by 2877.
2862
Calculate the remainder when 105810 is divided by 364.
250
Calculate the remainder when 2428008 is divided by 1035.
933
Calculate the remainder when 11052877 is divided by 12254.
12023
Calculate the remainder when 105366 is divided by 691.
334
What is the remainder when 557220964 is divided by 2753?
2752
What is the remainder when 62595 is divided by 15246?
1611
Calculate the remainder when 1954393 is divided by 30.
13
Calculate the remainder when 1419920 is divided by 9160.
120
Calculate the remainder when 698650 is divided by 537.
13
What is the remainder when 293442 is divided by 274?
262
Calculate the remainder when 2404892 is divided by 344.
332
What is the remainder when 257864 is divided by 279?
68
Calculate the remainder when 25667311 is divided by 9.
4
Calculate the remainder when 1510709 is divided by 302065.
384
What is the remainder when 343884 is divided by 1876?
576
Calculate the remainder when 2155909 is divided by 717856.
2341
What is the remainder when 69649725 is divided by 451?
442
Calculate the remainder when 242823 is divided by 249.
48
What is the remainder when 559197 is divided by 311?
19
Calculate the remainder when 6689878 is divided by 3344937.
4
Calculate the remainder when 5758746 is divided by 3323.
3310
What is the remainder when 63721099 is divided by 10620175?
49
What is the remainder when 336030 is divided by 20943?
942
What is the remainder when 535713 is divided by 17280?
33
Calculate the remainder when 801452 is divided by 34842.
86
What is the remainder when 48272 is divided by 44969?
3303
Calculate the remainder when 438434429 is divided by 3615.
3614
Calculate the remainder when 169005 is divided by 42093.
633
What is the remainder when 12967253 is divided by 48?
5
What is the remainder when 12072766 is divided by 70?
6
Calculate the remainder when 8560 is divided by 4228.
104
What is the remainder when 477565 is divided by 238330?
905
Calculate the remainder when 8571183 is divided by 34.
21
What is the remainder when 3253035 is divided by 4?
3
Calculate the remainder when 177410 is divided by 88615.
180
What is the remainder when 79449548 is divided by 4965596?
12
What is the remainder when 90443 is divided by 5999?
458
What is the remainder when 710845 is divided by 177703?
33
Calculate the remainder when 18016949 is divided by 2001883.
2
Calculate the remainder when 129176 is divided by 24767.
5341
Calculate the remainder when 3080599 is divided by 513288.
871
Calculate the remainder when 34770600 is divided by 61.
51
What is the remainder when 9313285 is divided by 2071?
2069
What is the remainder when 756281 is divided by 28007?
92
What is the remainder when 615795 is divided by 18110?
55
What is the remainder when 10419876 is divided by 1574?
1570
What is the remainder when 57374412 is divided by 348?
0
What is the remainder when 2171413 is divided by 55?
13
What is the remainder when 116843 is divided by 378?
41
Calculate the remainder when 93609 is divided by 2790.
1539
Calculate the remainder when 1131010 is divided by 46.
8
What is the remainder when 1062343 is divided by 6036?
7
What is the remainder when 51317870 is divided by 3038?
3012
What is the remainder when 544344542 is divided by 5272?
5270
What is the remainder when 116709 is divided by 1465?
974
What is the remainder when 344470 is divided by 114802?
64
What is the remainder when 32493987 is divided by 38?
35
Calculate the remainder when 30865 is divided by 15091.
683
What is the remainder when 27974308 is divided by 110?
98
What is the remainder when 459415 is divided by 21871?
124
What is the remainder when 7575121 is divided by 27347?
2
What is the remainder when 917994 is divided by 2155?
2119
What is the remainder when 2289221 is divided by 1144419?
383
What is the remainder when 4169746 is divided by 1042431?
22
Calculate the remainder when 277162 is divided by 3703.
3140
Calculate the remainder when 992712 is divided by 2077.
1983
What is the remainder when 130187 is divided by 6508?
27
Calculate the remainder when 49897 is divided by 1709.
336
What is the remainder when 9809881 is divided by 37?
34
What is the remainder when 133500692 is divided by 1054?
1052
What is the remainder when 10150052 is divided by 2895?
182
Calculate the remainder when 46779188 is divided by 23389594.
0
Calculate the remainder when 2465704 is divided by 5426.
2300
Calculate the remainder when 315202390 is divided by 53.
48
Calculate the remainder when 1608153 is divided by 21.
15
What is the remainder when 37815116 is divided by 53?
40
Calculate the remainder when 1184658 is divided by 1737.
24
What is the remainder when 73858 is divided by 1759?
1739
What is the remainder when 249559049 is divided by 975?
974
What is the remainder when 31861 is divided by 161?
144
Calculate the remainder when 203767 is divided by 725.
42
Calculate the remainder when 48324 is divided by 48302.
22
Calculate the remainder whe